l. What is the tens digit of j?
0
Suppose r = 5*f - f + 14, 2*r + 2*f = 18. Suppose -r*k = -0*k - 1840. What is the tens digit of k?
8
Let v(o) be the second derivative of o**4/12 + o**3/2 - 3*o**2/2 - 6*o. Let x be -11 - (2/(-2) - 1). What is the units digit of v(x)?
1
Let l be (-1)/(-3) - (-8)/3. Let r = l - 3. Suppose r = 5*m - 7 - 3. What is the units digit of m?
2
Suppose -4*l - 5*j = -13, -4*l + 10 = 4*j - 6. What is the tens digit of 231 + -1 - (-5 - -11 - l)?
3
Suppose 2*z - 278 = -2*l - l, 4*z = -2*l + 172. Suppose 4*i + 40 + l = 0. What is the tens digit of (-164)/(-14) + i/(-119)?
1
Suppose -4*w + 16 = 0, -5*b + 2*w + 818 + 1189 = 0. What is the units digit of b?
3
Let o be ((-6)/(-4))/(33/308). Suppose -13*c + o*c = 2. What is the units digit of c?
2
Suppose 0 = 5*s - 235 - 680. Suppose -943 = -8*u - s. What is the units digit of u?
5
Let z = 15 - 16. Let d = 21 + z. What is the tens digit of d?
2
Suppose -h = -3*h + 2, 0 = 4*i + 3*h - 3. What is the units digit of i - -8*2*3?
8
Suppose s + 11 = 2*u, u - s - 7 = s. Suppose -3*z + 236 = z + 4*f, 0 = -u*f + 25. What is the units digit of z?
4
Suppose -f + 2*j + 79 = 0, 3*f + 2*j = 91 + 130. Let t = 303 - f. What is the units digit of t?
8
Let j(w) = w**2 - 12*w + 16. Suppose -9 = -f - 0*f. Let p be j(f). What is the tens digit of (p + 9)*13/(-2)?
1
Suppose -2*q - 2*q + 2152 = 0. What is the tens digit of q?
3
Let t(k) = k + 235. What is the tens digit of t(47)?
8
Let i(y) = -y**2 + 12*y - 35. Let j be i(7). Suppose 6*z - 260 + 2 = j. What is the tens digit of z?
4
Let c(k) = 29*k**2 + 28*k - 14. What is the tens digit of c(5)?
5
Suppose 0 = 2*q - g - g - 8, -2*q + 12 = 2*g. Suppose -q = -5*h + 20. What is the units digit of h?
5
Suppose -3*i + 17 - 2 = 0. Suppose 5*v - 5 = 5*s - 0*s, s = i*v - 21. Suppose s*l - 43 = 29. What is the units digit of l?
8
Let w be 1*4 - 1 - 299/(-13). Suppose 0*n + w = n + 4*t, 0 = 4*n - 5*t - 104. What is the tens digit of n?
2
Let i(v) = v**3 - 8*v**2 - 8*v - 5. Let q be i(9). Suppose -q*k = -6*k + 26. Let x = k + 19. What is the units digit of x?
2
What is the units digit of (0/(-8))/(-4) - 1776/(-2)?
8
What is the hundreds digit of ((-2)/4)/((-9)/(-786))*-18?
7
Let f(y) = -244*y - 29. What is the units digit of f(-12)?
9
Let f = 1828 - 1440. What is the units digit of f?
8
Suppose 186 = -6*i - 120. Let v = -227 - -334. Let h = i + v. What is the units digit of h?
6
Let i be 1*(0 + 10/2). Let f(s) = -3*s + 5. Let m be f(i). Let g = 9 - m. What is the units digit of g?
9
Let t(u) = u**2 + 34*u + 410. What is the tens digit of t(-35)?
4
Let s(f) = 3*f + 2. Suppose 0 = -4*t - q - 88, -2*t - q - 6 = 38. Let h = t - -30. What is the units digit of s(h)?
6
Let p(b) be the second derivative of -1/3*b**3 - 7/2*b**2 - 6*b + 0. What is the units digit of p(-7)?
7
Let f(c) = 2*c + 1. Let n be f(-2). Let l be n + 3 + (-1)/(-1). What is the tens digit of ((-80)/(-24))/(l/9)?
3
Suppose 65 = 3*m + 17. Suppose -4*r = -m - 16. What is the units digit of r?
8
Let j(u) = -12*u**3 + 20*u**3 + 13 - 9*u**3 - u**2 + 3*u + 6*u**2. Let h be j(6). What is the tens digit of 61*1/(-5)*h?
6
What is the units digit of (-3600)/(-6) - -8 - -3?
1
Let v(r) = r**3 + 2*r**2 - 2*r + 2. Suppose -u = 5*m, -3*u = u + 4*m + 16. Let s be v(u). Let q = s - -103. What is the tens digit of q?
4
Suppose -14*f + 4 = -15*f. What is the tens digit of ((-16 - -5) + 7)*127/f?
2
Let f = -346 - -342. Let q(m) be the first derivative of m**3/3 - m**2 - 3*m - 1. What is the units digit of q(f)?
1
What is the hundreds digit of 4/(-26) - (-1745792)/1664?
0
Let l(r) = r**2 - 1. Let s(a) = a**2 - a. Let t(h) = -5*h**2 + 7*h + 9. Let q(f) = 3*s(f) + t(f). Let m(u) = 3*l(u) + q(u). What is the tens digit of m(4)?
3
Let d(x) = 3*x**2 + 2*x - 1. Let w be d(-2). Let q = w - 1. Suppose -q*l + 58 = 3*g - 2*l, -5*g + l = -112. What is the units digit of g?
2
Let z(u) = -2*u**2 + 38*u - 16. What is the hundreds digit of z(13)?
1
Let d = -1294 - -586. What is the units digit of (4/6)/((-8)/d)?
9
Suppose 2*y = -2*a + 5010, 405 + 2094 = a + 3*y. What is the thousands digit of a?
2
Suppose 6*y - 3*x = 25134, -1202 = 3*y + 4*x - 13780. What is the thousands digit of y?
4
Suppose -2*i + 1100 = -4*r, -13 = -3*r - 1. What is the units digit of i?
8
Suppose 5*f + 3*h - 52 = f, 3*h = -f + 4. Let z = f + -23. Let a(o) = o**2 - 3*o - 9. What is the units digit of a(z)?
1
Let i(g) be the third derivative of -g**4/12 + 5*g**3/2 - 12*g**2. What is the units digit of i(-12)?
9
Let t(p) = 2*p**2 - 3*p + 1201. What is the tens digit of t(0)?
0
Let b = -4 - -8. Suppose 0 = -b*h + 16 - 4. Suppose 0 = o - l - l + 7, 0 = h*l - 15. What is the units digit of o?
3
Suppose -4*n + 34 = 3*d, 20 = 2*n + 3*n. Suppose -d*h + 2*h = -44. What is the tens digit of h?
1
Suppose 17*t - 37*t + 4720 = 0. What is the units digit of t?
6
Let r be 3*(9/3 + 59). Suppose 0*w + 4*w + 2*u = r, 5*u - 24 = -w. What is the units digit of w?
9
Let t(o) = 4*o**2 + 2*o - 3. Let p be t(-3). Suppose -2*w = s - 5*s - 34, -4*s - 2*w - 14 = 0. What is the units digit of p/s*(-4)/6?
3
Suppose 6*u = 3*u - 3, -3694 = -3*y + u. What is the hundreds digit of y?
2
Suppose 10*q = 7*q - 273. Let c = -47 - q. Suppose 3*x - 272 = -c. What is the units digit of x?
6
Let t = -15 + 31. What is the tens digit of (-1631)/(-28) + 12/t?
5
Suppose 2*i + 3 + 9 = 0. What is the hundreds digit of (524/i)/(((-6)/9)/1)?
1
Let s = -9 - 7. Suppose -2*r + r - 24 = -a, -3*a = 2*r - 67. Let z = s + a. What is the units digit of z?
7
Let k(t) = -t**3 + 16*t**2 + 11*t + 6. Let l be k(17). Let m = 161 + l. What is the tens digit of m?
6
Let w(h) be the third derivative of h**5/20 + h**3/2 + 2*h**2. What is the tens digit of w(-3)?
3
Suppose -23 = -4*u + 1. Suppose 5*d = 2*d + u. Suppose 3*m - 15 = d*m. What is the units digit of m?
5
Let p(q) = -q**3 + 15*q**2 - 14*q + 32. What is the hundreds digit of p(5)?
2
Let s be 272/(-10)*(-5 + 0). Suppose -2*o + s = -5*m + m, 3*o - 174 = -4*m. What is the tens digit of o?
6
Let g = 8 + 1. Suppose 0 = -2*k - g + 7. What is the units digit of k/(12/(-21))*4?
7
Suppose -4*y = -2*q - 748 - 388, -857 = -3*y - q. Suppose 0 = -5*h + 4*l + 325, 0*h + 5*h - y = -4*l. What is the tens digit of h?
6
Let a be 4*-2 + 4 + -45. What is the tens digit of 1191/21 - 14/a?
5
Let y(c) = 12*c - 23. Let p be y(5). Let f(o) = 42*o - 1. Let k be f(2). Suppose -k = -5*g + p. What is the tens digit of g?
2
What is the hundreds digit of 1 + (-5)/(40/(-1264))?
1
Let y = 12614 + -8398. What is the hundreds digit of y?
2
Let k(h) = -h + 14. Let w be k(9). Suppose -w*q = -q - 152. What is the tens digit of q?
3
Suppose -2 - 4 = 4*u + 2*x, 5*u = -x - 15. Let b = u - -13. What is the units digit of b?
9
Let d(v) = 2*v**2 - 5*v + 5. Let j be d(5). Let m be 4/10 + (-12)/j. Suppose 6*g - g - 280 = m. What is the units digit of g?
6
Suppose 2*v + 85 = -3*v. Suppose 2*p - 80 = 4*i, 5*p - 4*i = 94 + 88. Let o = v + p. What is the units digit of o?
7
Let j(r) = 6*r - 6. Suppose -16 = -4*t + 2*t. What is the tens digit of j(t)?
4
Let d(s) = -s + 32. Let u(x) = -x + 32. Let w(k) = -2*d(k) + 3*u(k). What is the tens digit of w(-10)?
4
Let j be (-1 + -1)/(2/15). Let s be j/(-2) - (-2)/(-4). Suppose 100 = s*k - 3*k. What is the tens digit of k?
2
Suppose 3*h = 9*s - 8*s - 4256, 0 = 5*s - 4*h - 21280. What is the hundreds digit of s?
2
Let h = 19 + -16. Suppose -3*s + 2*n = -8*s + 1346, -h*n = 3*s - 813. What is the units digit of s?
8
Let z(q) = 89*q**3 + 4*q - 27. What is the tens digit of z(3)?
8
Let l(p) = -p**3 + 5*p**2 - 2*p - 3. Let g be l(4). Suppose -t + 4 = 0, -g*n + 7*t - 2*t = 10. What is the tens digit of (n/(-6))/(-1)*51?
1
Suppose -4*k - 7264 = -2*u, 120*u + 3626 = 121*u + k. What is the hundreds digit of u?
6
Suppose 2*n + 7*n = 8208. Suppose 0 = -5*j - 4*g + 770, -296 = 4*j - g - n. What is the tens digit of j?
5
Suppose 4*o + 5 = -19. Let x(m) = -2*m - 2. What is the units digit of x(o)?
0
Let j = 6922 - 3583. What is the units digit of j?
9
Let d be (494/(-39))/(4/(-6)). Suppose v - y = -1, -v + d = 2*y + 2*y. What is the tens digit of (-4)/12*v - -77?
7
What is the thousands digit of 60456/48 - (-1)/2?
1
Suppose 3*j - 3*w = -9, -j - 2*w - 2*w = -17. What is the tens digit of 90 - (